{"id":17,"date":"2024-10-25T19:04:56","date_gmt":"2024-10-25T17:04:56","guid":{"rendered":"https:\/\/urlaub-am-bodensee.net\/?page_id=17"},"modified":"2025-12-19T13:19:21","modified_gmt":"2025-12-19T12:19:21","slug":"ferienwohnungen-am-bodensee","status":"publish","type":"page","link":"https:\/\/urlaub-am-bodensee.net\/","title":{"rendered":"wohlf\u00fchl Ferienwohnungen am Bodensee"},"content":{"rendered":"\t\t<div data-elementor-type=\"wp-page\" data-elementor-id=\"17\" class=\"elementor elementor-17\">\n\t\t\t\t<div class=\"elementor-element elementor-element-32339eb5 e-flex e-con-boxed e-con e-parent\" data-id=\"32339eb5\" data-element_type=\"container\">\n\t\t\t\t\t<div class=\"e-con-inner\">\n\t\t\t\t<div class=\"elementor-element elementor-element-3edf72a6 elementor-widget elementor-widget-text-editor\" data-id=\"3edf72a6\" data-element_type=\"widget\" data-widget_type=\"text-editor.default\">\n\t\t\t\t<div class=\"elementor-widget-container\">\n\t\t\t\t\t\t\t\t\t<h2 data-start=\"136\" data-end=\"179\"><span style=\"color: #000080;\">Wohlf\u00fchlen Ferienwohnungen am Bodensee<\/span><\/h2>\n<h3 data-start=\"180\" data-end=\"215\"><span style=\"color: #000080;\">Bei Familie Martin \u2013 \u00dcberlingen<\/span><\/h3>\n<p data-start=\"217\" data-end=\"508\">Herzlich willkommen in den <strong data-start=\"244\" data-end=\"286\">Wohlf\u00fchlen Ferienwohnungen am Bodensee<\/strong> bei Familie Martin!<br data-start=\"306\" data-end=\"309\" \/>Unsere modern eingerichteten Ferienwohnungen befinden sich in bester Lage in <strong data-start=\"386\" data-end=\"412\">\u00dcberlingen am Bodensee<\/strong> und bieten Ihnen den idealen Ausgangspunkt f\u00fcr einen erholsamen und abwechslungsreichen Urlaub.<\/p>\n<p data-start=\"510\" data-end=\"737\">Wir bieten <strong data-start=\"521\" data-end=\"566\">drei liebevoll gestaltete Ferienwohnungen<\/strong>, die jeweils f\u00fcr <strong data-start=\"584\" data-end=\"612\">2 bis maximal 4 Personen<\/strong> ausgelegt sind. Alle Wohnungen \u00fcberzeugen durch eine hochwertige, moderne Ausstattung und eine angenehme Wohlf\u00fchlatmosph\u00e4re.<\/p>\n<ul data-start=\"739\" data-end=\"1107\">\n<li data-start=\"739\" data-end=\"911\">\n<p data-start=\"741\" data-end=\"911\"><strong data-start=\"741\" data-end=\"804\">Eine Ferienwohnung liegt zentral in der \u00dcberlinger Altstadt<\/strong> \u2013 perfekt, um Caf\u00e9s, Restaurants, die Seepromenade und Einkaufsm\u00f6glichkeiten bequem zu Fu\u00df zu erreichen.<\/p>\n<\/li>\n<li data-start=\"912\" data-end=\"1107\">\n<p data-start=\"914\" data-end=\"1107\"><strong data-start=\"914\" data-end=\"996\">Zwei weitere Ferienwohnungen bieten einen traumhaften See- und Alpensichtblick<\/strong> und verf\u00fcgen \u00fcber einen <strong data-start=\"1021\" data-end=\"1031\">Balkon<\/strong>, auf dem Sie entspannte Stunden mit Blick auf den Bodensee genie\u00dfen k\u00f6nnen.<\/p>\n<\/li>\n<\/ul>\n<p data-start=\"1109\" data-end=\"1273\">Ob entspannter Badeurlaub, aktive Tage in der Natur oder kulturelle Entdeckungen rund um den Bodensee \u2013 bei uns finden Sie die passende Unterkunft f\u00fcr Ihre Auszeit.<\/p>\n<p data-start=\"1109\" data-end=\"1273\">\u00a0<\/p>\n<p data-start=\"1275\" data-end=\"1377\">Wir freuen uns darauf, Sie in unseren <strong data-start=\"1313\" data-end=\"1355\">Wohlf\u00fchlen Ferienwohnungen am Bodensee<\/strong> willkommen zu hei\u00dfen!<\/p>\n<p data-start=\"1379\" data-end=\"1404\">Ihre<br data-start=\"1383\" data-end=\"1386\" \/><strong data-start=\"1386\" data-end=\"1404\">Familie Martin<\/strong><\/p>\n<p data-start=\"1379\" data-end=\"1404\">\u00a0<\/p>\n<p>Gerne k\u00f6nnen Sie uns \u00a0kontaktieren:<br \/><br \/>Dana Sophie Martin<\/p>\n<p>Mobil\/WhatsApp +49 152 58475166<\/p>\n<p>Andrea Maria Martin<\/p>\n<p><!-- \/wp:paragraph --><!-- wp:paragraph --><\/p>\n<p>Mobil\/WhatsApp +49 172 9406181<\/p>\n<p><!-- \/wp:paragraph --><!-- wp:paragraph --><\/p>\n<p>\u00a0<\/p>\n<p><!-- \/wp:paragraph --><!-- wp:paragraph --><\/p>\n<p>Email: wohlfuehl@urlaub-am-bodensee.net<\/p>\n<p>\u00a0<\/p>\n<p id=\"block-3ebeba14-fec7-4922-b364-643d5b500c13\">Bilder, Beschreibung und &#8222;Anfrage senden&#8220; zu unseren Ferienwohnungen finden Sie auch hier.\u00a0<\/p>\n<p>\u00a0<\/p>\n<p>Bitte klicken Sie auf die folgenden Links:<\/p>\n<p><a href=\"https:\/\/www.ueberlingen-bodensee.de\/tosc\/unterkuenfte\/ferienwohnungen\/unterkuenfte\/DE2\/b6fedbc0-9151-4c08-9c7c-1a7175d8a6db\/ferienwohnung-martin-i?useDetailSearch=false\">FeWo Martin I<\/a><\/p>\n<p><!-- \/wp:paragraph --><!-- wp:paragraph --><\/p>\n<p><!-- \/wp:paragraph --><!-- wp:paragraph --><\/p>\n<p id=\"block-63bef737-abbc-4a0f-abd7-a13b3a83e4fe\"><a href=\"https:\/\/www.ueberlingen-bodensee.de\/tosc\/unterkuenfte\/ferienwohnungen\/unterkuenfte\/DE2\/81868945-8334-4d21-b696-d814ddeaf5bb\/ferienwohnung-martin-ii?useDetailSearch=false\">FeWo Martin II<\/a><\/p>\n<p><!-- \/wp:paragraph --><!-- wp:paragraph --><\/p>\n<p id=\"block-99137af0-5b8a-4f2a-856a-5ede6b27ee04\"><a href=\"https:\/\/www.ueberlingen-bodensee.de\/prospekte-bestellen\/unterkuenfte\/DE2\/d94f0e43-8252-4916-bd1c-e446b69d22b3\/ferienwohnung-martin-iii---bio-komfort-wohnung?useDetailSearch=false\/DE2\/cfb0d41e-f51e-45c8-8498-ff46ec925676\/themenfuehrung--die-goldbacher-silvesterkapelle-\/DE2\/12c7f8a0-caae-4312-a4ca-07f4425ecb2e\/stadtfuehrung-durch-die-altstadt\/DE2\/4cb77543-e18b-4335-a727-d131285b0c23\/kleine-stadtfuehrung-durch-die-altstadt\">FeWo Martin III<\/a><\/p>\n<p><!-- \/wp:paragraph --><!-- wp:paragraph --><\/p>\n<p>\u00a0<\/p>\n<p id=\"block-65970621-5b00-4f11-9a8b-ae83b78efda1\">\u00a0<\/p>\n<p><!-- \/wp:paragraph --><!-- wp:image {\"id\":19,\"sizeSlug\":\"full\",\"linkDestination\":\"none\"} --><\/p>\n<figure class=\"wp-block-image size-full\"><\/figure>\n<p><!-- \/wp:image --><\/p>\t\t\t\t\t\t\t\t<\/div>\n\t\t\t\t<\/div>\n\t\t\t\t\t<\/div>\n\t\t\t\t<\/div>\n\t\t<div class=\"elementor-element elementor-element-9fe706d e-flex e-con-boxed e-con e-parent\" data-id=\"9fe706d\" data-element_type=\"container\">\n\t\t\t\t\t<div class=\"e-con-inner\">\n\t\t\t\t<div class=\"elementor-element elementor-element-2c379d8 elementor-widget elementor-widget-image\" data-id=\"2c379d8\" data-element_type=\"widget\" data-widget_type=\"image.default\">\n\t\t\t\t<div class=\"elementor-widget-container\">\n\t\t\t\t\t\t\t\t\t\t\t\t\t\t\t<img fetchpriority=\"high\" decoding=\"async\" width=\"525\" height=\"700\" src=\"https:\/\/urlaub-am-bodensee.net\/wp-content\/uploads\/2025\/01\/IMG_1588-768x1024.jpeg\" class=\"attachment-large size-large wp-image-146\" alt=\"\" srcset=\"https:\/\/urlaub-am-bodensee.net\/wp-content\/uploads\/2025\/01\/IMG_1588-768x1024.jpeg 768w, https:\/\/urlaub-am-bodensee.net\/wp-content\/uploads\/2025\/01\/IMG_1588-225x300.jpeg 225w, https:\/\/urlaub-am-bodensee.net\/wp-content\/uploads\/2025\/01\/IMG_1588-1152x1536.jpeg 1152w, https:\/\/urlaub-am-bodensee.net\/wp-content\/uploads\/2025\/01\/IMG_1588-1536x2048.jpeg 1536w, https:\/\/urlaub-am-bodensee.net\/wp-content\/uploads\/2025\/01\/IMG_1588-scaled.jpeg 1920w\" sizes=\"100vw\" \/>\t\t\t\t\t\t\t\t\t\t\t\t\t\t\t<\/div>\n\t\t\t\t<\/div>\n\t\t\t\t\t<\/div>\n\t\t\t\t<\/div>\n\t\t<div class=\"elementor-element elementor-element-11a5354 e-flex e-con-boxed e-con e-parent\" data-id=\"11a5354\" data-element_type=\"container\">\n\t\t\t\t\t<div class=\"e-con-inner\">\n\t\t\t\t\t<\/div>\n\t\t\t\t<\/div>\n\t\t<div class=\"elementor-element elementor-element-8a15bce e-flex e-con-boxed e-con e-parent\" data-id=\"8a15bce\" data-element_type=\"container\">\n\t\t\t\t\t<div class=\"e-con-inner\">\n\t\t\t\t<div class=\"elementor-element elementor-element-fead312 elementor-widget elementor-widget-heading\" data-id=\"fead312\" data-element_type=\"widget\" data-widget_type=\"heading.default\">\n\t\t\t\t<div class=\"elementor-widget-container\">\n\t\t\t\t\t<h2 class=\"elementor-heading-title elementor-size-default\">Klick in den wohlf\u00fchlen Urlaub<\/h2>\t\t\t\t<\/div>\n\t\t\t\t<\/div>\n\t\t\t\t\t<\/div>\n\t\t\t\t<\/div>\n\t\t<div class=\"elementor-element elementor-element-cc1b323 e-flex e-con-boxed e-con e-parent\" data-id=\"cc1b323\" data-element_type=\"container\">\n\t\t\t\t\t<div class=\"e-con-inner\">\n\t\t\t\t<div class=\"elementor-element elementor-element-357d6e5 elementor-view-default elementor-widget elementor-widget-icon\" data-id=\"357d6e5\" data-element_type=\"widget\" data-widget_type=\"icon.default\">\n\t\t\t\t<div class=\"elementor-widget-container\">\n\t\t\t\t\t\t\t<div class=\"elementor-icon-wrapper\">\n\t\t\t<a class=\"elementor-icon\" href=\"https:\/\/wa.me\/4915258475166\">\n\t\t\t<svg aria-hidden=\"true\" class=\"e-font-icon-svg e-fab-whatsapp\" viewBox=\"0 0 448 512\" xmlns=\"http:\/\/www.w3.org\/2000\/svg\"><path d=\"M380.9 97.1C339 55.1 283.2 32 223.9 32c-122.4 0-222 99.6-222 222 0 39.1 10.2 77.3 29.6 111L0 480l117.7-30.9c32.4 17.7 68.9 27 106.1 27h.1c122.3 0 224.1-99.6 224.1-222 0-59.3-25.2-115-67.1-157zm-157 341.6c-33.2 0-65.7-8.9-94-25.7l-6.7-4-69.8 18.3L72 359.2l-4.4-7c-18.5-29.4-28.2-63.3-28.2-98.2 0-101.7 82.8-184.5 184.6-184.5 49.3 0 95.6 19.2 130.4 54.1 34.8 34.9 56.2 81.2 56.1 130.5 0 101.8-84.9 184.6-186.6 184.6zm101.2-138.2c-5.5-2.8-32.8-16.2-37.9-18-5.1-1.9-8.8-2.8-12.5 2.8-3.7 5.6-14.3 18-17.6 21.8-3.2 3.7-6.5 4.2-12 1.4-32.6-16.3-54-29.1-75.5-66-5.7-9.8 5.7-9.1 16.3-30.3 1.8-3.7.9-6.9-.5-9.7-1.4-2.8-12.5-30.1-17.1-41.2-4.5-10.8-9.1-9.3-12.5-9.5-3.2-.2-6.9-.2-10.6-.2-3.7 0-9.7 1.4-14.8 6.9-5.1 5.6-19.4 19-19.4 46.3 0 27.3 19.9 53.7 22.6 57.4 2.8 3.7 39.1 59.7 94.8 83.8 35.2 15.2 49 16.5 66.6 13.9 10.7-1.6 32.8-13.4 37.4-26.4 4.6-13 4.6-24.1 3.2-26.4-1.3-2.5-5-3.9-10.5-6.6z\"><\/path><\/svg>\t\t\t<\/a>\n\t\t<\/div>\n\t\t\t\t\t\t<\/div>\n\t\t\t\t<\/div>\n\t\t\t\t<div class=\"elementor-element elementor-element-787e8c8 elementor-view-default elementor-widget elementor-widget-icon\" data-id=\"787e8c8\" data-element_type=\"widget\" data-widget_type=\"icon.default\">\n\t\t\t\t<div class=\"elementor-widget-container\">\n\t\t\t\t\t\t\t<div class=\"elementor-icon-wrapper\">\n\t\t\t<a class=\"elementor-icon elementor-animation-grow\" href=\"https:\/\/www.instagram.com\/_wohlfuehlferien_?igsh=dTc1dTlweWRmOHg3&#038;utm_source=qr\" target=\"_blank\">\n\t\t\t<svg aria-hidden=\"true\" class=\"e-font-icon-svg e-fab-instagram\" viewBox=\"0 0 448 512\" xmlns=\"http:\/\/www.w3.org\/2000\/svg\"><path d=\"M224.1 141c-63.6 0-114.9 51.3-114.9 114.9s51.3 114.9 114.9 114.9S339 319.5 339 255.9 287.7 141 224.1 141zm0 189.6c-41.1 0-74.7-33.5-74.7-74.7s33.5-74.7 74.7-74.7 74.7 33.5 74.7 74.7-33.6 74.7-74.7 74.7zm146.4-194.3c0 14.9-12 26.8-26.8 26.8-14.9 0-26.8-12-26.8-26.8s12-26.8 26.8-26.8 26.8 12 26.8 26.8zm76.1 27.2c-1.7-35.9-9.9-67.7-36.2-93.9-26.2-26.2-58-34.4-93.9-36.2-37-2.1-147.9-2.1-184.9 0-35.8 1.7-67.6 9.9-93.9 36.1s-34.4 58-36.2 93.9c-2.1 37-2.1 147.9 0 184.9 1.7 35.9 9.9 67.7 36.2 93.9s58 34.4 93.9 36.2c37 2.1 147.9 2.1 184.9 0 35.9-1.7 67.7-9.9 93.9-36.2 26.2-26.2 34.4-58 36.2-93.9 2.1-37 2.1-147.8 0-184.8zM398.8 388c-7.8 19.6-22.9 34.7-42.6 42.6-29.5 11.7-99.5 9-132.1 9s-102.7 2.6-132.1-9c-19.6-7.8-34.7-22.9-42.6-42.6-11.7-29.5-9-99.5-9-132.1s-2.6-102.7 9-132.1c7.8-19.6 22.9-34.7 42.6-42.6 29.5-11.7 99.5-9 132.1-9s102.7-2.6 132.1 9c19.6 7.8 34.7 22.9 42.6 42.6 11.7 29.5 9 99.5 9 132.1s2.7 102.7-9 132.1z\"><\/path><\/svg>\t\t\t<\/a>\n\t\t<\/div>\n\t\t\t\t\t\t<\/div>\n\t\t\t\t<\/div>\n\t\t\t\t\t<\/div>\n\t\t\t\t<\/div>\n\t\t\t\t<\/div>\n\t\t","protected":false},"excerpt":{"rendered":"<p>Wohlf\u00fchlen Ferienwohnungen am Bodensee Bei Familie Martin \u2013 \u00dcberlingen Herzlich willkommen in den Wohlf\u00fchlen Ferienwohnungen am Bodensee bei Familie Martin!Unsere modern eingerichteten Ferienwohnungen befinden sich in bester Lage in \u00dcberlingen am Bodensee und bieten Ihnen den idealen Ausgangspunkt f\u00fcr einen erholsamen und abwechslungsreichen Urlaub. Wir bieten drei liebevoll gestaltete Ferienwohnungen, die jeweils f\u00fcr 2 bis &hellip; <\/p>\n<p class=\"link-more\"><a href=\"https:\/\/urlaub-am-bodensee.net\/\" class=\"more-link\"><span class=\"screen-reader-text\">\u201ewohlf\u00fchl Ferienwohnungen am Bodensee\u201c<\/span> weiterlesen<\/a><\/p>\n","protected":false},"author":1,"featured_media":0,"parent":0,"menu_order":0,"comment_status":"closed","ping_status":"closed","template":"","meta":{"footnotes":""},"class_list":["post-17","page","type-page","status-publish","hentry"],"_links":{"self":[{"href":"https:\/\/urlaub-am-bodensee.net\/index.php?rest_route=\/wp\/v2\/pages\/17","targetHints":{"allow":["GET"]}}],"collection":[{"href":"https:\/\/urlaub-am-bodensee.net\/index.php?rest_route=\/wp\/v2\/pages"}],"about":[{"href":"https:\/\/urlaub-am-bodensee.net\/index.php?rest_route=\/wp\/v2\/types\/page"}],"author":[{"embeddable":true,"href":"https:\/\/urlaub-am-bodensee.net\/index.php?rest_route=\/wp\/v2\/users\/1"}],"replies":[{"embeddable":true,"href":"https:\/\/urlaub-am-bodensee.net\/index.php?rest_route=%2Fwp%2Fv2%2Fcomments&post=17"}],"version-history":[{"count":59,"href":"https:\/\/urlaub-am-bodensee.net\/index.php?rest_route=\/wp\/v2\/pages\/17\/revisions"}],"predecessor-version":[{"id":232,"href":"https:\/\/urlaub-am-bodensee.net\/index.php?rest_route=\/wp\/v2\/pages\/17\/revisions\/232"}],"wp:attachment":[{"href":"https:\/\/urlaub-am-bodensee.net\/index.php?rest_route=%2Fwp%2Fv2%2Fmedia&parent=17"}],"curies":[{"name":"wp","href":"https:\/\/api.w.org\/{rel}","templated":true}]}}